{"version":"1.0","provider_name":"Formaci\u00f3n profesional","provider_url":"https:\/\/www.monlau.com\/fp\/ca\/","author_name":"adsmurai","author_url":"https:\/\/www.monlau.com\/fp\/ca\/author\/adsmurai\/","title":"Parlen els alumnes del grau mitj\u00e0 en electromec\u00e0nica de Motos - Formaci\u00f3n profesional","type":"rich","width":600,"height":338,"html":"<blockquote class=\"wp-embedded-content\" data-secret=\"s4pf8wME3e\"><a href=\"https:\/\/www.monlau.com\/fp\/ca\/2020\/05\/21\/parlen-alumnes-grau-mitja-electromecanica-motos\/\">Parlen els alumnes del grau mitj\u00e0 en electromec\u00e0nica de Motos<\/a><\/blockquote><iframe sandbox=\"allow-scripts\" security=\"restricted\" src=\"https:\/\/www.monlau.com\/fp\/ca\/2020\/05\/21\/parlen-alumnes-grau-mitja-electromecanica-motos\/embed\/#?secret=s4pf8wME3e\" width=\"600\" height=\"338\" title=\"&#8220;Parlen els alumnes del grau mitj\u00e0 en electromec\u00e0nica de Motos&#8221; &#8212; Formaci\u00f3n profesional\" data-secret=\"s4pf8wME3e\" frameborder=\"0\" marginwidth=\"0\" marginheight=\"0\" scrolling=\"no\" class=\"wp-embedded-content\"><\/iframe><script>\n\/*! This file is auto-generated *\/\n!function(d,l){\"use strict\";l.querySelector&&d.addEventListener&&\"undefined\"!=typeof URL&&(d.wp=d.wp||{},d.wp.receiveEmbedMessage||(d.wp.receiveEmbedMessage=function(e){var t=e.data;if((t||t.secret||t.message||t.value)&&!\/[^a-zA-Z0-9]\/.test(t.secret)){for(var s,r,n,a=l.querySelectorAll('iframe[data-secret=\"'+t.secret+'\"]'),o=l.querySelectorAll('blockquote[data-secret=\"'+t.secret+'\"]'),c=new RegExp(\"^https?:$\",\"i\"),i=0;i<o.length;i++)o[i].style.display=\"none\";for(i=0;i<a.length;i++)s=a[i],e.source===s.contentWindow&&(s.removeAttribute(\"style\"),\"height\"===t.message?(1e3<(r=parseInt(t.value,10))?r=1e3:~~r<200&&(r=200),s.height=r):\"link\"===t.message&&(r=new URL(s.getAttribute(\"src\")),n=new URL(t.value),c.test(n.protocol))&&n.host===r.host&&l.activeElement===s&&(d.top.location.href=t.value))}},d.addEventListener(\"message\",d.wp.receiveEmbedMessage,!1),l.addEventListener(\"DOMContentLoaded\",function(){for(var e,t,s=l.querySelectorAll(\"iframe.wp-embedded-content\"),r=0;r<s.length;r++)(t=(e=s[r]).getAttribute(\"data-secret\"))||(t=Math.random().toString(36).substring(2,12),e.src+=\"#?secret=\"+t,e.setAttribute(\"data-secret\",t)),e.contentWindow.postMessage({message:\"ready\",secret:t},\"*\")},!1)))}(window,document);\n\/\/# sourceURL=https:\/\/www.monlau.com\/fp\/wp-includes\/js\/wp-embed.min.js\n<\/script>\n","thumbnail_url":"https:\/\/www.monlau.com\/app\/uploads\/sites\/3\/2026\/03\/fp-electromecanica-motocicletas-1.jpg","thumbnail_width":1000,"thumbnail_height":667,"description":"Aquest juny acabes l&#8217;ESO i t&#8217;est\u00e0s preguntant qu\u00e8 estudiar el curs vinent? Tens dubtes sobre els diferents cicles d\u2019FP que s&#8217;ofereixen a l&#8217;\u00e0rea d&#8217;automoci\u00f3? Et compartim l&#8217;experi\u00e8ncia dels alumnes que han estudiat i estudien el Grau Mitj\u00e0 d&#8217;Electromec\u00e0nica de Motos a Monlau. Ells i elles estaven en la teva situaci\u00f3 i a l&#8217;entrar a la [&hellip;]"}

Formación profesional

Parlen els alumnes del grau mitjà en electromecànica de Motos - Formación profesional

<blockquote class="wp-embedded-content" data-secret="s4pf8wME3e"><a href="https://www.monlau.com/fp/ca/2020/05/21/parlen-alumnes-grau-mitja-electromecanica-motos/">Parlen els alumnes del grau mitjà en electromecànica de Motos</a></blockquote><iframe sandbox="allow-scripts" security="restricted" src="https://www.monlau.com/fp/ca/2020/05/21/parlen-alumnes-grau-mitja-electromecanica-motos/embed/#?secret=s4pf8wME3e" width="600" height="338" title="&#8220;Parlen els alumnes del grau mitjà en electromecànica de Motos&#8221; &#8212; Formación profesional" data-secret="s4pf8wME3e" frameborder="0" marginwidth="0" marginheight="0" scrolling="no" class="wp-embedded-content"></iframe><script>
/*! This file is auto-generated */
!function(d,l){"use strict";l.querySelector&&d.addEventListener&&"undefined"!=typeof URL&&(d.wp=d.wp||{},d.wp.receiveEmbedMessage||(d.wp.receiveEmbedMessage=function(e){var t=e.data;if((t||t.secret||t.message||t.value)&&!/[^a-zA-Z0-9]/.test(t.secret)){for(var s,r,n,a=l.querySelectorAll('iframe[data-secret="'+t.secret+'"]'),o=l.querySelectorAll('blockquote[data-secret="'+t.secret+'"]'),c=new RegExp("^https?:$","i"),i=0;i<o.length;i++)o[i].style.display="none";for(i=0;i<a.length;i++)s=a[i],e.source===s.contentWindow&&(s.removeAttribute("style"),"height"===t.message?(1e3<(r=parseInt(t.value,10))?r=1e3:~~r<200&&(r=200),s.height=r):"link"===t.message&&(r=new URL(s.getAttribute("src")),n=new URL(t.value),c.test(n.protocol))&&n.host===r.host&&l.activeElement===s&&(d.top.location.href=t.value))}},d.addEventListener("message",d.wp.receiveEmbedMessage,!1),l.addEventListener("DOMContentLoaded",function(){for(var e,t,s=l.querySelectorAll("iframe.wp-embedded-content"),r=0;r<s.length;r++)(t=(e=s[r]).getAttribute("data-secret"))||(t=Math.random().toString(36).substring(2,12),e.src+="#?secret="+t,e.setAttribute("data-secret",t)),e.contentWindow.postMessage({message:"ready",secret:t},"*")},!1)))}(window,document);
//# sourceURL=https://www.monlau.com/fp/wp-includes/js/wp-embed.min.js
</script>

Aquest juny acabes l&#8217;ESO i t&#8217;estàs preguntant què estudiar el curs vinent? Tens dubtes sobre els diferents cicles d’FP que s&#8217;ofereixen a l&#8217;àrea d&#8217;automoció? Et compartim l&#8217;experiència dels alumnes que han estudiat i estudien el Grau Mitjà d&#8217;Electromecànica de Motos a Monlau. Ells i elles estaven en la teva situació i a l&#8217;entrar a la [&hellip;]
